 - 3. Let w(b) = -d + 3*b**2 + v + 2*b**2 + b**3 + 3*b. Calculate w(-4).
2
Let j(z) = z**3 + 5*z**2 + 2*z - 5. Let t = -39 - -159. Let q be t/(-28) + (-4)/(-14). What is j(q)?
3
Let g(t) = -5*t - 10. Let l(m) = -m - 3. Let k(r) = 2*g(r) - 7*l(r). What is k(1)?
-2
Let v(k) = -2*k + 6. Let f(j) = -j + 3. Let m(p) = 7*f(p) - 4*v(p). Give m(5).
2
Let p(q) be the third derivative of -q**5/60 - q**4/3 + q**3 - 356*q**2. Suppose 3*g + 13 + 15 = -v, 32 = -3*g - 2*v. Give p(g).
6
Suppose -2*f = 2*f - 3*m - 24, 4*f = 4*m + 20. Suppose -f = -4*u - 1. Let z(k) = -k - 4 + k**3 - 1 + 2 + 6*k**u. Determine z(-6).
3
Let b(r) be the first derivative of 12 + 1/2*r**2 + 1/4*r**4 - 3*r - 7/3*r**3. Calculate b(7).
4
Let v be (30/8)/(9*6/(-144)). Let h = v - 0. Let y(q) = -q**3 - 10*q**2. Give y(h).
0
Let k(v) = 2*v**2 + 4*v - 1. Let j(f) = 3*f**2 + 5*f - 1. Let o(q) = 5*j(q) - 6*k(q). Let g(z) be the first derivative of o(z). What is g(1)?
7
Suppose -8*o = -4*o - 4. Let f = 14 + -9. Suppose -f = -z - o. Let r(a) = -a**3 + 5*a**2 - 4*a. Give r(z).
0
Let q(o) = -o**2 + 29*o - 3. Let s(u) = -3*u + 2. Let i(p) = -q(p) - 5*s(p). Determine i(14).
-7
Let j(q) = 3 + 0*q**2 - 2*q**2 + 0*q**2 - 5*q + q**2. Let k = 1 + 3. Let u be (k/(-12))/(1/15). What is j(u)?
3
Let i(m) = -40*m**3 - 9*m**2 + 8*m + 2. Let h(t) = -42*t**3 - 10*t**2 + 9*t + 2. Let p(c) = 9*h(c) - 10*i(c). Determine p(1).
21
Let n(b) = 2*b**2 + 1. Let i be (-5)/2*(-2 + 0). Suppose 5*g - 20 = i. Suppose -t - 4 = -g*t. Determine n(t).
3
Let p(r) = r + 9. Let g be p(-7). Let z be 1/(1 + ((-8)/(-12) - g)). Let b(k) = 2*k + 2. Give b(z).
-4
Let z(n) = 1 + 8*n - 5 + n**2 - 8. Let y be z(-9). Let u(d) = -9*d**2 + 2*d + 3. Let q(h) = 2*h**2. Let l(r) = 5*q(r) + u(r). Determine l(y).
6
Let q = 16 - 16. Let n be ((q*1/(-2))/3)/2. Let w(j) = -j**3 + j**2 + j + 23. Give w(n).
23
Let q(h) = -28*h - 20. Let t(g) = 13*g + 11. Let b(s) = -4*q(s) - 9*t(s). Give b(-3).
-4
Suppose -4*u + 26 = x, 2*x - 22 = -3*u - 0*u. Let w(g) = -g**3 + 5*g**2 + 4*g - 2. Calculate w(u).
-14
Let u(g) be the third derivative of g**8/6720 + g**7/630 - g**6/360 - g**5/120 + 13*g**4/24 + 15*g**2. Let b(k) be the second derivative of u(k). Give b(-4).
7
Let i(m) be the third derivative of m**6/120 - m**5/60 - m**4/8 + m**3/6 - 102*m**2 + m. Give i(-3).
-26
Let f(b) = b**2 + b + 1. Let m(j) = -3*j**2 + 4*j - 8. Let l(a) = 2*f(a) + m(a). Suppose -5*d - 7 = -32. Calculate l(d).
-1
Let s be (-3)/(-6)*-2*-2. Let z(h) = 6*h**s - h + 1 - 3*h**2 - h**2. Let g(f) = -f**3 - f**2 + 3*f - 7. Let l be g(-3). Calculate z(l).
7
Let p(w) = -12*w - 3. Let r(v) = -4*v - 1. Let b(z) = -6*p(z) + 17*r(z). Let m be 3 + (3 - 2) + -2. Suppose 5*h = l + 15, -6*l = -m*l + 20. Calculate b(h).
9
Let i be 2/(-5 + (-85)/(-15)). Suppose r + 48 = -i*r. Let q(k) = k + 11. What is q(r)?
-1
Let q be 2 + (1 - -4) - 4. Let t(p) = p**2 + 8*p + 5. Let d(g) = g**2 + 9*g + 5. Let w(n) = q*d(n) - 4*t(n). Determine w(-5).
-5
Let y(z) be the first derivative of -z**4/4 + 7*z**3/3 - 5*z**2/2 - 8*z + 135. Suppose 5*q = 2*n - 32, 4*q - 12 = -4*n - 4. Calculate y(n).
-2
Suppose 24*p = -p + 400. Let r(x) = -x**2 + 14*x + 35. Give r(p).
3
Let l(u) = u**3 + 4*u**2 + 7 + 18 - 24. What is l(-4)?
1
Let w(f) = f**3 + f**2 - f + 8. Let c(d) = -d**2 + 5. Let r be c(0). Suppose -r*h + 8*h = 0. What is w(h)?
8
Let i = 22 - 20. Suppose -v - 3*v + i*m = -60, 0 = -3*m + 6. Let r(c) = 0*c - 8 - 12 + v - c**2 + 9*c. Determine r(8).
4
Let x(l) = 2*l**2 + 5*l - 4. Let v(d) = d - 1. Let n(y) = -4*v(y) + x(y). Let j be (-28)/18 + (-1412)/3177. Give n(j).
6
Let k(q) = 2*q + 1. Suppose -4*z + 32 = 12. Suppose 0 = -0*g - z*g. Suppose v + v - 2 = g. Calculate k(v).
3
Let n(t) = 5*t - 2. Let p(y) = -9*y + 4. Let u(x) = -11*n(x) - 6*p(x). Suppose 2*l + 59 = -25. Let g = -36 - l. Determine u(g).
-8
Let f(q) = 4*q - 3. Suppose -22*u + 26*u - 140 = 0. Let w be ((-248)/(-32))/((-2)/(-8)). Let t = w - u. What is f(t)?
-19
Let p(s) = -18004 + 18004 + s. Give p(5).
5
Let g(h) = -h - 20. Suppose 0 = -c + 3*y - 4, 3*c - 3*y = 12 - 48. Determine g(c).
-4
Let u(b) = 5*b - 179. Let k be u(37). Let d(l) = 3*l - 8. Calculate d(k).
10
Let o = -3 + -1. Let h(p) be the third derivative of -p**4/12 - 5*p**3/6 + 15*p**2. Calculate h(o).
3
Let y(p) = 8*p + 11. Let r(m) = 11*m + 11. Let b(f) = 2*r(f) - 3*y(f). What is b(-5)?
-1
Let a be (-48)/1*81/(-243). Let d(k) = k - 11. Determine d(a).
5
Let n(l) be the third derivative of 0 - 1/6*l**3 + 0*l + 1/24*l**4 - l**2 + 1/60*l**5. Give n(1).
1
Let z(q) = -q + 4. Suppose -4*l + 51 = -13. Let a = 21 - l. Determine z(a).
-1
Let n(b) be the third derivative of 0 + 0*b - 10*b**2 + 0*b**3 - 1/12*b**4. Calculate n(-3).
6
Suppose 5*o = -3*a + 6, -3*a + 5 = -1. Let w(z) be the first derivative of z**3/3 - z**2/2 - 7*z - 3. Give w(o).
-7
Let k(z) = z**2 + 5*z + 5. Suppose -6*l + 9*l - 6 = 0. Suppose 9 = -l*y + 1. Give k(y).
1
Let v(t) be the second derivative of t**6/180 + t**5/30 - t**4/6 - 23*t**3/6 - 36*t. Let f(w) be the second derivative of v(w). Calculate f(-4).
12
Let w(u) = 5*u + 3. Let t(z) = -6*z - 3. Let q(n) = -4*t(n) - 5*w(n). Let s be q(-3). Let f(v) = 6*v - 2*v - 3*v + 4. Calculate f(s).
4
Let y be 8/6 + (-4)/(-6). Let p(f) = 0*f**2 - f + 5*f - f**y + 7. Let h be (-140)/(-21) - 8/12. Calculate p(h).
-5
Suppose 0 = 4*u - 3*a + 6*a - 31, -3*u = 2*a - 22. Let p(i) = -i**3 + 3*i**2 + 4*i - 1. Calculate p(u).
-1
Let y(f) = -22*f - 45. Let o(c) = 9*c + 23. Let n(b) = -7*o(b) - 3*y(b). Calculate n(12).
10
Suppose -8 + 9 = c. Let x be 6/(c - (4 + 2/(-1))). Let o(z) = -z - 4. Give o(x).
2
Let x(s) be the second derivative of -5*s**3/3 - 7*s**2 + 18*s. Determine x(-2).
6
Suppose 0 = z - s + 1, 4*z + 2*s = -z - 33. Let g be 11/z - 4/(-20). Let k(u) = u + 2. Determine k(g).
0
Let k(g) be the first derivative of -5*g**2/2 - 4*g - 1. Suppose -6*a + 18 = -9*a - 3*o, 4*a = -o - 15. What is k(a)?
11
Suppose 4*r = t + 860, -2*t = 2*r + 2*t - 448. Let y = -112 + r. Let w be (-2)/(-10) + y/(-20). Let i(o) = -o**2 - 5*o - 1. Calculate i(w).
-1
Let v(a) = 2*a + 3 + 0*a**3 + 0*a**3 - 4*a**2 + 4*a - a**3. Let r(y) = -8*y**2 + 4 + y**3 - 3*y**2 + 7*y**2 + 0*y**2. Let k be r(3). Determine v(k).
-2
Let j(d) be the second derivative of -2*d**3/3 - 3*d**2/2 + 2*d. Let c be 0 - 4/(8/(-10)). Suppose -z + 2*h + 6 = 0, 0*z - c*h = 2*z + 24. What is j(z)?
5
Suppose 5*v - 2*v - 24 = 0. Let k(o) = -o**2 + 11*o - 25. Let n be k(v). Let t(d) = d**2 - d - 1. Give t(n).
1
Let d(l) = l**3 - 5*l**2 + 3*l + 2. Let g(s) = 19*s - 91. Let y be g(5). Calculate d(y).
-2
Suppose -2*u + 2*l + 131 = -3*l, -2*u + 126 = -4*l. Let t = u - 49. Let p(m) = -m**3 + 0*m**2 + 4*m**2 - 1 - 6*m + 5*m. Calculate p(t).
-5
Let y(s) = -s**3 - s**2 + s - 2. Let c = 255 - 257. Give y(c).
0
Let u(f) = 2*f**2 - 10*f - 11*f - 14*f - 1 + 33*f. Let m(h) = -h + 8. Let k be m(9). Give u(k).
3
Let l(w) = 14*w**2 + 4*w - 1. Let x(k) = -57*k**2 - 17*k + 4. Suppose 0 = 5*j + 2*m - 6*m + 61, 5*j - 2*m + 53 = 0. Let o(i) = j*l(i) - 2*x(i). What is o(1)?
-13
Let x(g) = g + 6. Let t be 2 + -2 + (-64 - -10). Let a = -63 - t. Give x(a).
-3
Let m(t) = 22*t + 830. Let a be m(-38). Let l(h) be the first derivative of -5/3*h**3 - 1/4*h**4 - 1 + 7/2*h**2 + 2*h. Calculate l(a).
-4
Let z(p) be the first derivative of p**6/120 + p**5/15 - p**4/24 + p**3/6 - 6*p**2 - 12. Let s(y) be the second derivative of z(y). Calculate s(-3).
13
Suppose 3*q = 1 - 13. Let x be q/(-6) + 128/24. Let c(a) = -a**3 + 5*a**2 + 4*a + 6. Calculate c(x).
-6
Let m be (-40)/(-50)*(-10)/4. Let c(b) = b + 1. Let p be c(m). Let t(w) be the second derivative of -w**5/5 - 3*w. What is t(p)?
4
Let y be 21/2*12/18. Let l be 2/y - (-60)/35. Suppose -4*q - l = 5*c - 5, 3*c = q + 12. Let a(v) = 2*v**2 + 3*v - 1. Calculate a(q).
8
Let w(z) be the second derivative of 1/3*z**3 + 0 + 1/12*z**4 - 1/2*z**2 - 11*z. Determine w(-3).
2
Let i be (-4)/3*12/8*1. Let d(h) = 7*h**2 - h. Determine d(i).
30
Let q = 3 + -5. Let i(d) = 5*d**3 - 3*d**2 - 7*d + 2. Let n(y) = -4*y**3 + 2*y**2 + 6*y - 1. Let o(z) = 3*i(z) + 4*n(z). Determine o(q).
0
Let d(p) be the first derivative of -p**4/4 + p**3 - p**2 + 2*p - 89. Let i be 2/5 - (-68)/5. Suppose -z + 4 = -1, 0 = 3*y + z - i. Determine d(y).
-4
Let h be (4/(-5))/(-3 - (-17)/5). Let